{"id":4141,"date":"2022-02-07T02:44:17","date_gmt":"2022-02-07T01:44:17","guid":{"rendered":"https:\/\/www.upcoglobal.com\/academy\/?page_id=4141"},"modified":"2022-02-11T22:00:07","modified_gmt":"2022-02-11T21:00:07","slug":"instructores","status":"publish","type":"page","link":"https:\/\/www.upcoglobal.com\/academy\/instructores\/","title":{"rendered":"Instructores"},"content":{"rendered":"<p>[vc_row full_width=&#8221;stretch_row&#8221; css=&#8221;.vc_custom_1644198526385{background-color: #fffffff !important;}&#8221; mobile_bg_img_hidden=&#8221;no&#8221; tablet_bg_img_hidden=&#8221;no&#8221; woodmart_parallax=&#8221;0&#8243; woodmart_gradient_switch=&#8221;no&#8221; row_reverse_mobile=&#8221;0&#8243; row_reverse_tablet=&#8221;0&#8243; woodmart_disable_overflow=&#8221;0&#8243; el_id=&#8221;diego_prieto&#8221;][vc_column][vc_row_inner][vc_column_inner][vc_column_text text_larger=&#8221;no&#8221;]<\/p>\n<p class=\"p1\"><span class=\"s1\">Nuestros instructores incluyen a los principales expertos t\u00e9cnicos en la industria del petr\u00f3leo.\u00a0La mayor\u00eda son consultores que trabajan en la vanguardia de la tecnolog\u00eda y abordan los desaf\u00edos m\u00e1s apremiantes que enfrenta la industria hoy en d\u00eda.<\/p>\n<p>En el Programa de Capacitaci\u00f3n de Instructores UPC GLOBAL, nuestros facilitadores aprenden a ser excelentes maestros, expertos en aprendizaje activo alrededor del mundo, brindan una experiencia atractiva, pr\u00e1ctica y 100 % relevante para los profesionales del petr\u00f3leo y el gas en toda la industria.<\/span><\/p>\n<p>[\/vc_column_text][\/vc_column_inner][\/vc_row_inner][vc_empty_space woodmart_hide_large=&#8221;0&#8243; woodmart_hide_medium=&#8221;0&#8243; woodmart_hide_small=&#8221;0&#8243; woodmart_hide_extra_small=&#8221;0&#8243;][vc_row_inner content_placement=&#8221;top&#8221; row_reverse_mobile=&#8221;0&#8243; row_reverse_tablet=&#8221;0&#8243;][vc_column_inner width=&#8221;2\/3&#8243;][vc_custom_heading text=&#8221;DIEGO PRIETO&#8221; use_theme_fonts=&#8221;yes&#8221;][vc_column_text text_larger=&#8221;no&#8221;]Ingeniero de Petr\u00f3leo, Especializaci\u00f3n en el \u00e1rea de Yacimiento, Producci\u00f3n y Perforaci\u00f3n graduado de la universidad del Zulia, con casi 20 a\u00f1os de experiencia como especialista en productividad de pozos, levantamiento artificial Ha trabajado como instructor dictando cursos en el \u00e1rea de producci\u00f3n de petr\u00f3leo donde ha entrenado 200+ ingenieros en cursos presenciales. El Ing. Diego Prieto ha liderado proyectos de optimizaci\u00f3n de producci\u00f3n con equipos multidisciplinarios. Adem\u00e1s de haberse desempe\u00f1ado como especialista en levantamiento artificial en Venezuela, Colombia y Kazajist\u00e1n.<\/p>\n<p><b>Cursos que facilita:<\/b><\/p>\n<ul>\n<li>Caracterizaci\u00f3n de Yacimientos y PVT ( 16 hrs).<\/li>\n<li>Optimizaci\u00f3n de Bombeo Mec\u00e1nico SUITE RODSTAR, XDIAG, XBAL.<\/li>\n<li>Selecci\u00f3n, Dise\u00f1o y Optimizaci\u00f3n por Bombeo de Cavidades Progresivas (PC-PUMP)<\/li>\n<li>Adquisici\u00f3n, Manejo e Interpretaci\u00f3n de Datos de Campo, (Niveles de Fluidos y Dinamom\u00e9tria)<\/li>\n<li>Adquisici\u00f3n, Manejo e Interpretaci\u00f3n de Datos de Campo, (Niveles de Fluidos)<\/li>\n<\/ul>\n<p>[\/vc_column_text][\/vc_column_inner][vc_column_inner width=&#8221;1\/3&#8243;][vc_single_image image=&#8221;4120&#8243; img_size=&#8221;medium&#8221; alignment=&#8221;center&#8221; parallax_scroll=&#8221;no&#8221; css=&#8221;.vc_custom_1644198171018{margin-bottom: -20px !important;}&#8221;][\/vc_column_inner][\/vc_row_inner][\/vc_column][\/vc_row][vc_row full_width=&#8221;stretch_row&#8221; css=&#8221;.vc_custom_1644198481309{margin-bottom: -20px !important;padding-bottom: 5vh !important;background-color: #ffffff !important;}&#8221; mobile_bg_img_hidden=&#8221;no&#8221; tablet_bg_img_hidden=&#8221;no&#8221; woodmart_parallax=&#8221;0&#8243; woodmart_gradient_switch=&#8221;no&#8221; row_reverse_mobile=&#8221;0&#8243; row_reverse_tablet=&#8221;0&#8243; woodmart_disable_overflow=&#8221;0&#8243; el_id=&#8221;fauner_romero&#8221;][vc_column css=&#8221;.vc_custom_1644198507588{background-color: #ffffff !important;}&#8221; mobile_bg_img_hidden=&#8221;no&#8221; tablet_bg_img_hidden=&#8221;no&#8221; woodmart_parallax=&#8221;0&#8243; woodmart_sticky_column=&#8221;false&#8221; parallax_scroll=&#8221;no&#8221; mobile_reset_margin=&#8221;no&#8221; tablet_reset_margin=&#8221;no&#8221;][vc_row_inner content_placement=&#8221;top&#8221; row_reverse_mobile=&#8221;0&#8243; row_reverse_tablet=&#8221;0&#8243;][vc_column_inner width=&#8221;1\/3&#8243; css=&#8221;.vc_custom_1579318068396{margin-bottom: -40px !important;}&#8221;][vc_single_image image=&#8221;4144&#8243; img_size=&#8221;medium&#8221; parallax_scroll=&#8221;no&#8221;][\/vc_column_inner][vc_column_inner width=&#8221;2\/3&#8243;][vc_empty_space woodmart_hide_large=&#8221;0&#8243; woodmart_hide_medium=&#8221;0&#8243; woodmart_hide_small=&#8221;0&#8243; woodmart_hide_extra_small=&#8221;0&#8243;][vc_custom_heading text=&#8221;FAUNER ROMERO BECERRA&#8221; use_theme_fonts=&#8221;yes&#8221;][vc_column_text text_larger=&#8221;no&#8221;]Petroleum Engineer with more than 10 years of national and international experience, leading strategies and operations in order to increase productivity, effectiveness and processes optimization in industries of hydrocarbon sector.<\/p>\n<p>Wide knowledge and abilities for improving management of Artificial Lift Systems for oil and gas wells; training personnel on issues related to well optimization through the proper use of Echometer technology to obtain reliable data for diagnosis, allowing to maximize production and minimizing operating expenses. Competences for designing applications such as RODSTAR, SubPump, PCpump, as well as programs such as XDIAG, TAM, TWM, AWP, OFM, and PERFORM.<\/p>\n<p>Committed and self-taught, with leadership skills to promote teamwork and improvement processes, through the implementation of planning strategies and statistics; accomplishing with indicators and efficiency measurement.<\/p>\n<p><b>Cursos que facilita:<\/b><\/p>\n<ul>\n<li>Optimizaci\u00f3n de Bombeo Mec\u00e1nico SUITE RODSTAR, XDIAG, XBAL.<\/li>\n<li>Adquisici\u00f3n, Manejo e Interpretaci\u00f3n de Datos de Campo, (Niveles de Fluidos y Dinamom\u00e9trica)<\/li>\n<li>Adquisici\u00f3n, Manejo e Interpretaci\u00f3n de Datos de Campo, (Niveles de Fluidos)<\/li>\n<\/ul>\n<p>[\/vc_column_text][\/vc_column_inner][\/vc_row_inner][\/vc_column][\/vc_row][vc_row full_width=&#8221;stretch_row&#8221; mobile_bg_img_hidden=&#8221;no&#8221; tablet_bg_img_hidden=&#8221;no&#8221; woodmart_parallax=&#8221;0&#8243; woodmart_gradient_switch=&#8221;no&#8221; row_reverse_mobile=&#8221;0&#8243; row_reverse_tablet=&#8221;0&#8243; woodmart_disable_overflow=&#8221;0&#8243; el_id=&#8221;samantha_perozo&#8221;][vc_column][vc_empty_space woodmart_hide_large=&#8221;0&#8243; woodmart_hide_medium=&#8221;0&#8243; woodmart_hide_small=&#8221;0&#8243; woodmart_hide_extra_small=&#8221;0&#8243;][vc_row_inner content_placement=&#8221;top&#8221; row_reverse_mobile=&#8221;0&#8243; row_reverse_tablet=&#8221;0&#8243; css=&#8221;.vc_custom_1591313175811{margin-bottom: -20px !important;}&#8221;][vc_column_inner width=&#8221;2\/3&#8243;][vc_empty_space height=&#8221;40px&#8221; woodmart_hide_large=&#8221;0&#8243; woodmart_hide_medium=&#8221;0&#8243; woodmart_hide_small=&#8221;0&#8243; woodmart_hide_extra_small=&#8221;0&#8243;][vc_custom_heading text=&#8221;SAMANTHA PEROZO&#8221; use_theme_fonts=&#8221;yes&#8221;][vc_column_text text_larger=&#8221;no&#8221;]Ingeniera de Petr\u00f3leo especialista en el \u00e1rea de Producci\u00f3n y Optimizaci\u00f3n de pozos. Graduada en la Universidad del Zulia, con casi 10 a\u00f1os de experiencia como especialista en el \u00e1rea de dise\u00f1o, redise\u00f1o y optimizaci\u00f3n de sistemas de levantamiento artificial por bombeo mec\u00e1nico. Especialista en la interpretaci\u00f3n, an\u00e1lisis y adquisici\u00f3n de registros ac\u00fasticos y dinamom\u00e9tricos con tecnolog\u00eda Echometer con manejo avanzado del software TWM y TAM. Especialista en el manejo de software de dise\u00f1o y redise\u00f1o de sistemas de bombeo mec\u00e1nico Suite.<\/p>\n<p><b>Cursos que facilita:<\/b><\/p>\n<ul>\n<li>Optimizaci\u00f3n de Bombeo Mec\u00e1nico SUITE RODSTAR, XDIAG, XBAL.<\/li>\n<li>Adquisici\u00f3n, Manejo e Interpretaci\u00f3n de Datos de Campo, (Niveles de Fluidos y Dinamom\u00e9trica)<\/li>\n<li>Adquisici\u00f3n, Manejo e Interpretaci\u00f3n de Datos de Campo, (Niveles de Fluidos)<\/li>\n<li>Theta Oilfield Services (Rodstar, Xdiag, XBAL, Xtools). Instructora capacitada de cursos en el \u00e1rea de producci\u00f3n de petr\u00f3leo donde ha entrenado 1000+ ingenieros en cursos presenciales<\/li>\n<\/ul>\n<p>[\/vc_column_text][\/vc_column_inner][vc_column_inner width=&#8221;1\/3&#8243; css=&#8221;.vc_custom_1579317472441{background-position: center !important;background-repeat: no-repeat !important;background-size: cover !important;}&#8221;][vc_single_image image=&#8221;4143&#8243; img_size=&#8221;medium&#8221; alignment=&#8221;center&#8221; parallax_scroll=&#8221;no&#8221; css=&#8221;.vc_custom_1644197897587{margin-bottom: -5px !important;}&#8221;][\/vc_column_inner][\/vc_row_inner][\/vc_column][\/vc_row][vc_row full_width=&#8221;stretch_row&#8221; css=&#8221;.vc_custom_1591313152892{margin-bottom: 5vh !important;padding-bottom: 5vh !important;}&#8221; mobile_bg_img_hidden=&#8221;no&#8221; tablet_bg_img_hidden=&#8221;no&#8221; woodmart_parallax=&#8221;0&#8243; woodmart_gradient_switch=&#8221;no&#8221; row_reverse_mobile=&#8221;0&#8243; row_reverse_tablet=&#8221;0&#8243; woodmart_disable_overflow=&#8221;0&#8243; el_id=&#8221;sergio_caicedo&#8221;][vc_column][vc_empty_space woodmart_hide_large=&#8221;0&#8243; woodmart_hide_medium=&#8221;0&#8243; woodmart_hide_small=&#8221;0&#8243; woodmart_hide_extra_small=&#8221;0&#8243;][vc_row_inner content_placement=&#8221;top&#8221; row_reverse_mobile=&#8221;0&#8243; row_reverse_tablet=&#8221;0&#8243;][vc_column_inner width=&#8221;1\/3&#8243;][vc_single_image image=&#8221;4142&#8243; img_size=&#8221;medium&#8221; alignment=&#8221;center&#8221; parallax_scroll=&#8221;no&#8221;][\/vc_column_inner][vc_column_inner width=&#8221;2\/3&#8243;][vc_custom_heading text=&#8221;SERGIO CAICEDO&#8221; use_theme_fonts=&#8221;yes&#8221;][vc_column_text text_larger=&#8221;no&#8221;]El Sr. Caicedo tiene una licenciatura en f\u00edsica y una licenciatura en Ingenier\u00eda inform\u00e1tica de la Universidad Sim\u00f3n Bolivar de Venezuela, as\u00ed como una maestr\u00eda en Ingenier\u00eda Petrolera de la Universidad de Texas en Austin, EE. UU. con 26 a\u00f1os de experiencia como especialista en levantamiento artificial y productividad de pozos y desarrollo de software aplicado a la producci\u00f3n de petr\u00f3leo. Se ha desempe\u00f1ado como instructor dictando cursos en el \u00e1rea de producci\u00f3n petrolera donde ha capacitado a m\u00e1s 700 ingenieros en las empresas donde ha trabajado. El Sr. Caicedo ha desarrollado proyectos innovadores trabajando en equipos multidisciplinarios, as\u00ed como herramientas de c\u00e1lculo para ayudar a los ingenieros de campo en la productividad de pozos con inyecci\u00f3n c\u00edclica de vapor, incluidos los c\u00e1lculos de p\u00e9rdidas de calor de inyecci\u00f3n, radios de calentamiento, indice de productividad en caliente y modelo de enfriamiento de elevaci\u00f3n artificial. Tambi\u00e9n ha trabajado en los c\u00e1lculos de los efectos del calentamiento resistivo en fondo de pozo con BCP\/BM. Adicionalmente, ha desarrollado m\u00e9todos de incertidumbre para el \u00e1rea de producci\u00f3n, como el c\u00e1lculo de vol\u00famenes de Geles para control de agua. De igual manera, ha estudiado la viabilidad del ultrasonido para el estimulaci\u00f3n de pozos y ha publicado multiples art\u00edculos sobre optimizaci\u00f3n de la producci\u00f3n. Ha trabajado como especialista en levantamiento artificial en Venezuela, Kuwait, Emiratos Arabes Unidos y Estados Unidos.<\/p>\n<p>Fue galardonado con el premio de producci\u00f3n y operaciones de Medio Oriente de SPE 2015 por sus contribuciones t\u00e9cnicas en levantamiento artificial para la producci\u00f3n de hidrocarburos.<\/p>\n<p><b>Cursos que facilita:<\/b><\/p>\n<ul>\n<li>Optimizaci\u00f3n del Sistema de Producci\u00f3n de Hidrocarburos con An\u00e1lisis Nodal.<\/li>\n<li>Levantamiento por Gas Continuo, Dise\u00f1o y Evaluaci\u00f3n.<\/li>\n<li>Levantamiento por Gas Intermitente, Dise\u00f1o y Evaluaci\u00f3n.<\/li>\n<li>Bombeo Electrosumergible Dise\u00f1o y Evaluaci\u00f3n.<\/li>\n<\/ul>\n<p>[\/vc_column_text][\/vc_column_inner][\/vc_row_inner][\/vc_column][\/vc_row][vc_row full_width=&#8221;stretch_row&#8221; mobile_bg_img_hidden=&#8221;no&#8221; tablet_bg_img_hidden=&#8221;no&#8221; woodmart_parallax=&#8221;0&#8243; woodmart_gradient_switch=&#8221;no&#8221; row_reverse_mobile=&#8221;0&#8243; row_reverse_tablet=&#8221;0&#8243; woodmart_disable_overflow=&#8221;0&#8243; el_id=&#8221;andres_gutierrez&#8221;][vc_column][vc_row_inner content_placement=&#8221;top&#8221; row_reverse_mobile=&#8221;0&#8243; row_reverse_tablet=&#8221;0&#8243;][vc_column_inner width=&#8221;2\/3&#8243;][vc_empty_space woodmart_hide_large=&#8221;0&#8243; woodmart_hide_medium=&#8221;0&#8243; woodmart_hide_small=&#8221;0&#8243; woodmart_hide_extra_small=&#8221;0&#8243;][vc_custom_heading text=&#8221;ANDR\u00c9S GUTI\u00c9RREZ&#8221; use_theme_fonts=&#8221;yes&#8221;][vc_column_text text_larger=&#8221;no&#8221;]Ingeniero Electricista , curso diplomado en Automatizaci\u00f3n e instrumentaci\u00f3n industrial , graduado de la universidad del Zulia, actualmente cursando la maestr\u00eda de Ingenier\u00eda de control y automatizaci\u00f3n de procesos , con casi 4 a\u00f1o de experiencia como especialista de automatizaci\u00f3n de pozos productores ,instrumentaci\u00f3n asociada a pozos y administrador de sistemas Scada para pozos . Ha trabajo en diversas implementaciones para la mejoras de equipos de control, plan de mantenimientos de equipos el\u00e9ctricos como variadores de frecuencia, controladores y telemetr\u00eda en general. . Ha trabajado como instructor dictando cursos en el \u00e1rea de automatizaci\u00f3n en el \u00e1mbito petrolero en las compa\u00f1\u00edas donde ha trabajado. Tambi\u00e9n ha trabajado en la integraci\u00f3n de equipos para la optimizaci\u00f3n de pozos basado en las condiciones de fondo.<\/p>\n<p><b>Cursos que facilita:<\/b><\/p>\n<ul>\n<li>XSPOC Usuario (24 hr)<\/li>\n<li>Controladores<\/li>\n<\/ul>\n<p>[\/vc_column_text][\/vc_column_inner][vc_column_inner width=&#8221;1\/3&#8243; css=&#8221;.vc_custom_1579318068396{margin-bottom: -40px !important;}&#8221;][vc_single_image image=&#8221;4145&#8243; img_size=&#8221;medium&#8221; alignment=&#8221;center&#8221; parallax_scroll=&#8221;no&#8221;][\/vc_column_inner][\/vc_row_inner][\/vc_column][\/vc_row]<\/p>\n","protected":false},"excerpt":{"rendered":"<p>[vc_row full_width=&#8221;stretch_row&#8221; css=&#8221;.vc_custom_1644198526385{background-color: #fffffff !important;}&#8221; mobile_bg_img_hidden=&#8221;no&#8221; tablet_bg_img_hidden=&#8221;no&#8221; woodmart_parallax=&#8221;0&#8243; woodmart_gradient_switch=&#8221;no&#8221; row_reverse_mobile=&#8221;0&#8243; row_reverse_tablet=&#8221;0&#8243; woodmart_disable_overflow=&#8221;0&#8243; el_id=&#8221;diego_prieto&#8221;][vc_column][vc_row_inner][vc_column_inner][vc_column_text text_larger=&#8221;no&#8221;] Nuestros instructores incluyen a los principales<\/p>\n","protected":false},"author":61,"featured_media":0,"parent":0,"menu_order":0,"comment_status":"closed","ping_status":"closed","template":"","meta":{"_exactmetrics_skip_tracking":false,"_exactmetrics_sitenote_active":false,"_exactmetrics_sitenote_note":"","_exactmetrics_sitenote_category":0,"courseId":0,"footnotes":""},"class_list":["post-4141","page","type-page","status-publish","hentry"],"_links":{"self":[{"href":"https:\/\/www.upcoglobal.com\/academy\/wp-json\/wp\/v2\/pages\/4141","targetHints":{"allow":["GET"]}}],"collection":[{"href":"https:\/\/www.upcoglobal.com\/academy\/wp-json\/wp\/v2\/pages"}],"about":[{"href":"https:\/\/www.upcoglobal.com\/academy\/wp-json\/wp\/v2\/types\/page"}],"author":[{"embeddable":true,"href":"https:\/\/www.upcoglobal.com\/academy\/wp-json\/wp\/v2\/users\/61"}],"replies":[{"embeddable":true,"href":"https:\/\/www.upcoglobal.com\/academy\/wp-json\/wp\/v2\/comments?post=4141"}],"version-history":[{"count":5,"href":"https:\/\/www.upcoglobal.com\/academy\/wp-json\/wp\/v2\/pages\/4141\/revisions"}],"predecessor-version":[{"id":4152,"href":"https:\/\/www.upcoglobal.com\/academy\/wp-json\/wp\/v2\/pages\/4141\/revisions\/4152"}],"wp:attachment":[{"href":"https:\/\/www.upcoglobal.com\/academy\/wp-json\/wp\/v2\/media?parent=4141"}],"curies":[{"name":"wp","href":"https:\/\/api.w.org\/{rel}","templated":true}]}}