{"id":4096,"date":"2021-04-06T23:22:26","date_gmt":"2021-04-06T21:22:26","guid":{"rendered":"https:\/\/www.upcoglobal.com\/academy\/?post_type=product&#038;p=4096"},"modified":"2022-04-12T18:55:16","modified_gmt":"2022-04-12T16:55:16","slug":"bombeo-electrosumergible-diseno-y-evaluacion","status":"publish","type":"product","link":"https:\/\/www.upcoglobal.com\/academy\/product\/bombeo-electrosumergible-diseno-y-evaluacion\/","title":{"rendered":"Bombeo Electrosumergible: Dise\u00f1o y evaluaci\u00f3n"},"content":{"rendered":"<p>[vc_row][vc_column][\/vc_column][\/vc_row][vc_row][vc_column width=&#8221;2\/3&#8243;][vc_column_text text_larger=&#8221;no&#8221;]<\/p>\n<h3><b>Objetivo General<\/b><\/h3>\n<p>Comprender los fundamentos te\u00f3ricos del m\u00e9todo de levantamiento artificial por Bombeo Electrosumergible y la interrelaci\u00f3n de todos los componentes que conforman este sistema<\/p>\n<h3><b>Objetivo\u00a0<\/b>Espec\u00edficos<\/h3>\n<ul>\n<li>Entender las Ventajas y limitaciones del sistema BES, su ventana de aplicaci\u00f3n para la apropiada selecci\u00f3n de pozos.<\/li>\n<li>Comprender los componentes que conforman un sistema de bombeo electrosumergible y sus funciones.<\/li>\n<li>Comprender como las condiciones del yacimiento (afluencia, %agua, Relaci\u00f3n gas petr\u00f3leo, presi\u00f3n de entrada a la bomba, eficiencia de separaci\u00f3n de gas en fondo, propiedades PVT, viscosidad, etc.) y la configuraci\u00f3n mec\u00e1nica del pozo (trayectoria -completacion) imponen restricciones para el dise\u00f1o y optimizaci\u00f3n de un sistema BES.<\/li>\n<li>Entender que representan y como utilizar las curvas de desempe\u00f1o de altura din\u00e1mica, potencia y eficiencia de las bombas centrifugas suministradas por los fabricantes.<\/li>\n<li>Comprender como el cambio de velocidad de operaci\u00f3n (frecuencia) afectan el desempe\u00f1o de la bomba (altura din\u00e1mica, potencia y eficiencia) y el motor.<\/li>\n<li>Aprender el proceso paso a paso de dise\u00f1o (selecci\u00f3n y dimensionamiento de equipos) de un sistema BES.<\/li>\n<li>Aprender la diferencia entre dise\u00f1o y an\u00e1lisis-optimizaci\u00f3n.<\/li>\n<li>Comprender los efectos de viscosidad y gas libre en la BES.<\/li>\n<li>Aprender las variables de Monitoreo y el diagnostico b\u00e1sico de BES.<\/li>\n<\/ul>\n<h3><b>A qui\u00e9n va dirigido<\/b><\/h3>\n<p>El curso de \u201cBombeo Electrosumergible\u201d est\u00e1 dirigido a:<\/p>\n<ul>\n<li>Ingenieros de Petr\u00f3leo.<\/li>\n<li>Ingenieros de Producci\u00f3n.<\/li>\n<li>Ingenieros de Optimizaci\u00f3n.<\/li>\n<li>Ingenieros o T\u00e9cnicos de Operaci\u00f3n de Campos petroleros.<\/li>\n<\/ul>\n<h3 style=\"font-weight: 400;\"><b>Modalidad:<\/b><\/h3>\n<p>Del 17 al 28 de Mayo<br \/>\nClases online de 4 horas diarias (2 horas en la ma\u00f1ana y 2 horas en la tarde)<\/p>\n<ul>\n<li style=\"font-weight: 400;\">\u00a007:00\u00a0 a 09:00 a.m.<\/li>\n<li style=\"font-weight: 400;\">\u00a004:00\u00a0 a 06:00 p.m.<br \/>\n(Houston TX, Bogot\u00e1)<\/li>\n<\/ul>\n<p>[\/vc_column_text][vc_column_text text_larger=&#8221;no&#8221;]<\/p>\n<h3><b>Valor agregado de los conocimientos adquiridos en el curso<\/b><\/h3>\n<ul>\n<li>Entender que es y c\u00f3mo funciona un sistema BES as\u00ed como donde debe utilizarse.<\/li>\n<li>Entender las implicaciones y riesgos de falla debidos a un mal dise\u00f1o o una mala operaci\u00f3n de un sistema BES.<\/li>\n<li>Comprender que informaci\u00f3n es requerida y como se realiza un dise\u00f1o y una optimizaci\u00f3n de BES independientemente del software utilizado para este prop\u00f3sito.<\/li>\n<li>Aprender\/ampliar\/corregir conceptos y fen\u00f3menos indispensables para para su apropiado dise\u00f1o y optimizaci\u00f3n de sistemas BES.<\/li>\n<li>Entender e inferir mejores pr\u00e1cticas para el dise\u00f1o, an\u00e1lisis, optimizaci\u00f3n y monitoreo de sistemas BES.<\/li>\n<\/ul>\n<p>[\/vc_column_text][\/vc_column][vc_column width=&#8221;1\/3&#8243;][vc_column_text text_larger=&#8221;no&#8221;]<\/p>\n<h4><b>Fechas disponibles<\/b><\/h4>\n<p>[\/vc_column_text]<div id=\"wd-6255aec7768b6\" class=\"woodmart-button-wrapper text-center inline-element\"><a href=\"http:\/\/www2.upcoglobal.com\/l\/675123\/2019-12-18\/4525g\" title=\"\" class=\"btn btn-scheme-light btn-scheme-hover-light btn-style-default btn-shape-rectangle btn-size-default\" target=\"_blank\" rel=\"noopener\">Oct 10<\/a><\/div><div id=\"wd-6255aedaa9f5f\" class=\"woodmart-button-wrapper text-center inline-element\"><a href=\"http:\/\/www2.upcoglobal.com\/l\/675123\/2019-12-18\/4525g\" title=\"\" class=\"btn btn-scheme-dark btn-scheme-hover-light btn-style-bordered btn-shape-rectangle btn-size-default\" target=\"_blank\" rel=\"noopener\">Oct 17<\/a><\/div>[\/vc_column][\/vc_row][vc_row][vc_column][vc_tta_accordion active_section=&#8221;1&#8243; collapsible_all=&#8221;true&#8221; title=&#8221;Contenido Program\u00e1tico&#8221;][vc_tta_section title=&#8221;Sesi\u00f3n 1&#8243; tab_id=&#8221;1576182437238-f99683ea-9758&#8243;][vc_column_text text_larger=&#8221;no&#8221;]<b>AM (2 horas)<\/b><\/p>\n<ul>\n<li>Introducci\u00f3n<\/li>\n<li>Comparaci\u00f3n con otros m\u00e9todos de levantamiento artificial<\/li>\n<\/ul>\n<p>&nbsp;<\/p>\n<p><b>PM (2 horas)<\/b><\/p>\n<ul>\n<li>Bombeo Electrosumergible<\/li>\n<li>Ventajas y Limitaciones<\/li>\n<li>Ventana gen\u00e9rica de aplicaci\u00f3n<\/li>\n<li>Componentes del sistema BES<\/li>\n<li>Ventana de aplicaci\u00f3n considerando restricciones del pozo.<\/li>\n<\/ul>\n<p>[\/vc_column_text][\/vc_tta_section][vc_tta_section title=&#8221;Sesi\u00f3n 2&#8243; tab_id=&#8221;1576182511098-e5cce5b9-eadb&#8221;][vc_column_text text_larger=&#8221;no&#8221;]<b>AM (2 horas)<\/b><\/p>\n<ul>\n<li>Teor\u00eda de bombas centrifugas<\/li>\n<li>Curva te\u00f3rica de desempe\u00f1o de bomba centrifuga<\/li>\n<\/ul>\n<p>&nbsp;<\/p>\n<p><b>PM (2 horas)<\/b><\/p>\n<ul>\n<li>Curva real de desempe\u00f1o de bomba centrifuga (catalogo suministrado por fabricantes)<\/li>\n<li>Diferencia entre bombas centrifugas y bombas de desplazamiento positivo.<\/li>\n<\/ul>\n<p>[\/vc_column_text][\/vc_tta_section][vc_tta_section title=&#8221;Sesi\u00f3n 3&#8243; tab_id=&#8221;1576182763896-4bac892d-6549&#8243;][vc_column_text text_larger=&#8221;no&#8221;]<b>AM (2 horas)<\/b><\/p>\n<ul>\n<li>Empuje ascendente y empuje descendente. Rango de operaci\u00f3n sugerido. Leyes de afinidad para bombas centrifugas.<\/li>\n<\/ul>\n<p><b>PM (2 horas)<\/b><\/p>\n<ul>\n<li>Leyes de afinidad para motores. Ejercicios Excel<\/li>\n<li>Nomenclatura de nombres de etapas BES y motores BES.<\/li>\n<\/ul>\n<p>[\/vc_column_text][\/vc_tta_section][vc_tta_section title=&#8221;Sesi\u00f3n 4&#8243; tab_id=&#8221;1576182798537-da815ba4-6578&#8243;][vc_column_text text_larger=&#8221;no&#8221;]<b>AM (2 horas)<\/b><\/p>\n<ul>\n<li>Proceso dise\u00f1o BES. Ejercicios Excel<\/li>\n<li>Repaso breve an\u00e1lisis nodal.<\/li>\n<\/ul>\n<p><b>PM (2 horas)<\/b><\/p>\n<p>\u2022 Repaso Curva afluencia (Inflow) IPR. Como afecta el dise\u00f1o y operaci\u00f3n de la BES[\/vc_column_text][\/vc_tta_section][vc_tta_section title=&#8221;Sesi\u00f3n 5&#8243; tab_id=&#8221;1580829242716-fb1e2fb8-418c&#8221;][vc_column_text text_larger=&#8221;no&#8221;]<b>AM (2 horas)<\/b><\/p>\n<ul>\n<li>Repaso Curva de flujo (outflow) flujo natural y con sistemas de levantamiento BES<\/li>\n<\/ul>\n<p><b>PM (2 horas)<\/b><\/p>\n<ul>\n<li>Efectos de la fracci\u00f3n de gas libre en BES. Aclarando y Ampliando la visi\u00f3n del problema del gas libre. Ejercicios<\/li>\n<\/ul>\n<p>[\/vc_column_text][\/vc_tta_section][vc_tta_section title=&#8221;Sesi\u00f3n 6&#8243; tab_id=&#8221;1617745939514-109f9562-0041&#8243;][vc_column_text text_larger=&#8221;no&#8221;]<b>AM (2 horas)<\/b><\/p>\n<ul>\n<li>Selecci\u00f3n del modelo de bomba. Ejercicios<\/li>\n<li>Determinaci\u00f3n del n\u00famero de etapas. Ejercicios<\/li>\n<\/ul>\n<p><b>PM (2 horas)<\/b><\/p>\n<ul>\n<li>Selecci\u00f3n del separador de gas de fondo. Ejercicios<\/li>\n<\/ul>\n<p>[\/vc_column_text][\/vc_tta_section][vc_tta_section title=&#8221;Sesi\u00f3n 7&#8243; tab_id=&#8221;1617746103982-e805b3fb-d561&#8243;][vc_column_text text_larger=&#8221;no&#8221;]<b>AM (2 horas)<\/b><\/p>\n<ul>\n<li>Selecci\u00f3n del motor de fondo. Ejercicios<\/li>\n<\/ul>\n<p><b>PM (2 horas)<\/b><\/p>\n<ul>\n<li>Selecci\u00f3n del cable. Ejercicios<\/li>\n<\/ul>\n<p>[\/vc_column_text][\/vc_tta_section][vc_tta_section title=&#8221;Sesi\u00f3n 8&#8243; tab_id=&#8221;1617746164624-dbae251e-6843&#8243;][vc_column_text text_larger=&#8221;no&#8221;]<b>AM (2 horas)<\/b><\/p>\n<ul>\n<li>Selecci\u00f3n del equipo de superficie. Ejercicios<\/li>\n<\/ul>\n<p><b>PM (2 horas)<\/b><\/p>\n<ul>\n<li>An\u00e1lisis sistemas BES. Ejercicios<\/li>\n<\/ul>\n<p>[\/vc_column_text][\/vc_tta_section][vc_tta_section title=&#8221;Sesi\u00f3n 9&#8243; tab_id=&#8221;1617746291332-4a442ebf-dc14&#8243;][vc_column_text text_larger=&#8221;no&#8221;]<b>AM (2 horas)<\/b><\/p>\n<ul>\n<li>Correcciones por viscosidad. Ejercicios<\/li>\n<li>Correcciones por efectos por gas libre. Ejercicios<\/li>\n<\/ul>\n<p><b>PM (2 horas)<\/b><\/p>\n<ul>\n<li>Monitoreo de sistemas BES<\/li>\n<li>Diagnostico b\u00e1sicos de sistemas BES.<\/li>\n<\/ul>\n<p>[\/vc_column_text][\/vc_tta_section][vc_tta_section title=&#8221;Sesi\u00f3n 10&#8243; tab_id=&#8221;1617746362845-3b6413d0-c071&#8243;][vc_column_text text_larger=&#8221;no&#8221;]<b>AM (2 horas)<\/b><\/p>\n<ul>\n<li>An\u00e1lisis de fallas y vida \u00fatil<\/li>\n<\/ul>\n<p><b>PM (2 horas)<\/b><\/p>\n<ul>\n<li>Sesi\u00f3n de aclaratorias generales\/preguntas\/consultas<\/li>\n<li>Evaluaci\u00f3n al final del curso.<\/li>\n<\/ul>\n<p>[\/vc_column_text][\/vc_tta_section][\/vc_tta_accordion][vc_row_inner css=&#8221;.vc_custom_1645749740862{margin-top: 12px !important;margin-bottom: 12px !important;}&#8221; row_reverse_mobile=&#8221;0&#8243; row_reverse_tablet=&#8221;0&#8243;][vc_column_inner]<div id=\"wd-621825d6e4870\" class=\"woodmart-button-wrapper text-center\"><a href=\"https:\/\/www.upcoglobal.com\/academy\/instructores\/\" title=\"Instructores\" class=\"btn btn-scheme-light btn-scheme-hover-light btn-style-default btn-shape-rectangle btn-size-default\">Conozca a nuestros instructores<\/a><\/div>[\/vc_column_inner][\/vc_row_inner][\/vc_column][\/vc_row][vc_row full_width=&#8221;stretch_row_content&#8221; content_placement=&#8221;middle&#8221; parallax=&#8221;content-moving-fade&#8221; parallax_image=&#8221;3125&#8243; woodmart_bg_position=&#8221;center-center&#8221; css=&#8221;.vc_custom_1576190420019{padding-top: 70px !important;padding-bottom: 70px !important;}&#8221; mobile_bg_img_hidden=&#8221;no&#8221; tablet_bg_img_hidden=&#8221;no&#8221; woodmart_parallax=&#8221;0&#8243; woodmart_gradient_switch=&#8221;no&#8221; row_reverse_mobile=&#8221;0&#8243; row_reverse_tablet=&#8221;0&#8243; woodmart_disable_overflow=&#8221;0&#8243;][vc_column][vc_custom_heading text=&#8221;Precio $980 USD&#8221; font_container=&#8221;tag:h5|font_size:36|text_align:center|color:%23ffffff&#8221; google_fonts=&#8221;font_family:Roboto%3A100%2C100italic%2C300%2C300italic%2Cregular%2Citalic%2C500%2C500italic%2C700%2C700italic%2C900%2C900italic|font_style:400%20regular%3A400%3Anormal&#8221; css=&#8221;.vc_custom_1645749541784{margin-top: 0px !important;margin-bottom: 0px !important;border-top-width: 0px !important;border-bottom-width: 0px !important;padding-top: 0px !important;padding-bottom: 0px !important;}&#8221;][vc_empty_space woodmart_hide_large=&#8221;0&#8243; woodmart_hide_medium=&#8221;0&#8243; woodmart_hide_small=&#8221;0&#8243; woodmart_hide_extra_small=&#8221;0&#8243;]<div id=\"wd-6218252e540ea\" class=\"woodmart-button-wrapper text-center\"><a href=\"https:\/\/www2.upcoglobal.com\/l\/675123\/2019-12-18\/4525g\" title=\"\" class=\"btn btn-color-primary btn-style-default btn-shape-rectangle btn-size-default\" target=\"_blank\" rel=\"noopener\">Registrarse<\/a><\/div>[vc_empty_space woodmart_hide_large=&#8221;0&#8243; woodmart_hide_medium=&#8221;0&#8243; woodmart_hide_small=&#8221;0&#8243; woodmart_hide_extra_small=&#8221;0&#8243;][\/vc_column][\/vc_row][vc_row][vc_column][\/vc_column][\/vc_row]<\/p>\n","protected":false},"excerpt":{"rendered":"<p>El Bombeo Electrosumergible (BES) o tambi\u00e9n llamado Bombeo electro centrifugo (BEC) es un sistema de levantamiento artificial que consiste en una bomba centrifuga multietapa de fondo que es impulsada por un motor el\u00e9ctrico de fondo energizado por un cable desde superficie. A pesar de ser utilizado com\u00fanmente existen algunos aspectos conceptuales y operacionales que no son claramente comprendidos y requieren una revisi\u00f3n detallada para garantizar una apropiada aplicaci\u00f3n de este m\u00e9todo.<\/p>\n<p>Las BES son utilizadas en pozos que no pueden fluir naturalmente o para aumentar la producci\u00f3n en pozos que pueden fluir naturalmente. El dise\u00f1o y optimizaci\u00f3n del sistema BES buscan reducir la presi\u00f3n de fondo fluyente a trav\u00e9s del incremento de presi\u00f3n provisto por las m\u00faltiples etapas, lo que permite vencer el peso de la columna, la fricci\u00f3n y la contrapresi\u00f3n existente en superficie.\u00a0\u00a0 Este m\u00e9todo es particularmente atractivo por su capacidad de manejo de altas tasas de producci\u00f3n.<\/p>\n<p>Para tener una operaci\u00f3n de BES adecuada es necesario seleccionar los pozos adecuados para su uso basado en las ventajas y limitaciones del m\u00e9todo, entender cada una de sus componentes, conocer el proceso de dise\u00f1o\/dimensionamiento del equipo, y su optimizaci\u00f3n.<\/p>\n<p><img loading=\"lazy\" decoding=\"async\" class=\"alignnone size-full wp-image-3399\" src=\"https:\/\/www.upcoglobal.com\/academy\/wp-content\/uploads\/2019\/12\/CERTIFICATE.png\" alt=\"\" width=\"301\" height=\"25\" \/><\/p>\n","protected":false},"featured_media":4099,"template":"","meta":{"_exactmetrics_skip_tracking":false,"_exactmetrics_sitenote_active":false,"_exactmetrics_sitenote_note":"","_exactmetrics_sitenote_category":0},"product_brand":[],"product_cat":[67,81,84],"product_tag":[77],"class_list":{"0":"post-4096","1":"product","2":"type-product","3":"status-publish","4":"has-post-thumbnail","6":"product_cat-online-training","7":"product_cat-masterclass","8":"product_cat-training-online-incompany","9":"product_tag-spanish","11":"first","12":"instock","13":"shipping-taxable","14":"product-type-external"},"_links":{"self":[{"href":"https:\/\/www.upcoglobal.com\/academy\/wp-json\/wp\/v2\/product\/4096","targetHints":{"allow":["GET"]}}],"collection":[{"href":"https:\/\/www.upcoglobal.com\/academy\/wp-json\/wp\/v2\/product"}],"about":[{"href":"https:\/\/www.upcoglobal.com\/academy\/wp-json\/wp\/v2\/types\/product"}],"wp:featuredmedia":[{"embeddable":true,"href":"https:\/\/www.upcoglobal.com\/academy\/wp-json\/wp\/v2\/media\/4099"}],"wp:attachment":[{"href":"https:\/\/www.upcoglobal.com\/academy\/wp-json\/wp\/v2\/media?parent=4096"}],"wp:term":[{"taxonomy":"product_brand","embeddable":true,"href":"https:\/\/www.upcoglobal.com\/academy\/wp-json\/wp\/v2\/product_brand?post=4096"},{"taxonomy":"product_cat","embeddable":true,"href":"https:\/\/www.upcoglobal.com\/academy\/wp-json\/wp\/v2\/product_cat?post=4096"},{"taxonomy":"product_tag","embeddable":true,"href":"https:\/\/www.upcoglobal.com\/academy\/wp-json\/wp\/v2\/product_tag?post=4096"}],"curies":[{"name":"wp","href":"https:\/\/api.w.org\/{rel}","templated":true}]}}